 32. What are the prime factors of q(8)?
2, 3, 1499
Suppose -23780 = -1258*j + 1254*j. List the prime factors of j.
5, 29, 41
Suppose -17 = 7*t - 4*t - 4*s, -s + 1 = -4*t. Suppose 5*k + 14 = -t. What are the prime factors of 1*(-6)/((k - -2)/6)?
2, 3
Suppose -19*x - 90683 = -j - 18*x, -90683 = -j - 2*x. List the prime factors of j.
29, 53, 59
Suppose 3*r = -3*y, -3 = 4*y - r + 17. What are the prime factors of 177/9 + y/72*-6?
2, 5
Let i = -842 - -625. Let r = -423 - -301. Let p = r - i. List the prime factors of p.
5, 19
Let d be 1/4 - 4319/28. Suppose 4*q + 122 + 194 = 0. Let w = q - d. List the prime factors of w.
3, 5
Suppose 0 = 49*u - 760336 + 89232. What are the prime factors of u?
2, 107
Let j(m) = m**3 + 17*m**2 + 29*m - 15. Suppose -2*a = 8, -5*z = a + 87 - 8. Let f be j(z). Suppose f*h - 6*h = -768. What are the prime factors of h?
2
Let p(h) = h - 5. Let k be p(7). Suppose -k*m + 3*m - 16 = 0. Suppose -g = -m - 41. List the prime factors of g.
3, 19
Let z(o) = -57*o**2 - 623*o - 15. Let y be z(-11). Let s(t) = t**3 + 5*t**2 - 7*t - 4. Let m be s(-6). Let p = m - y. List the prime factors of p.
61
Suppose 4*u + u = -3*x + 11, u + 3 = 2*x. Let m(b) = 131*b. Let f be m(u). Let t = f - 85. What are the prime factors of t?
2, 23
Let y = -429 - -1475. Suppose 0 = -4*z + y + 554. What are the prime factors of z?
2, 5
Suppose -n + 26 = 4. Let q = n - 27. List the prime factors of q*(93/(-15) - -4).
11
Suppose -4*c - 5*o = -643, 0 = 3*c - 4*o + o - 462. Let l = 363 - c. What are the prime factors of l?
2, 103
Suppose 2*b - 3*y - 7079 = 3797, 2*b - y = 10868. What are the prime factors of b?
2, 7, 97
Let i = -3997 - -5651. Let a = i - 812. List the prime factors of a.
2, 421
Suppose -4*s - 145 = -6*s - 5*o, -3*s + 4*o = -206. List the prime factors of (-48)/(-2)*(-1 - s/(-4)).
2, 3, 11
Suppose 3*v - 3*h - 18 = 0, -3*h = -2*v - 2*v + 21. Suppose t - 78 = -0*t + v*s, -t - 4*s = -43. What are the prime factors of (-1)/((-127)/t + 2)?
3, 7
Let k(t) = -4*t**3 - 3*t**2 - 9*t - 1. Let s be k(-5). Suppose -s + 1171 = 6*b. Suppose 5*w - 227 = -5*u + 313, -b = -w + 2*u. What are the prime factors of w?
3, 37
Let v be 13779/(-24) + -1 - (-7)/56. Let f = v + 839. Let o = f + -77. What are the prime factors of o?
11, 17
Suppose j + 3*h - 6 = -h, -j - 2*h = 0. List the prime factors of (j/(-24)*87)/(15/80).
2, 29
Let s be 84/(-12) - (6 - 1326). Let o = 2532 - s. What are the prime factors of o?
23, 53
Let t(x) = 33*x**2 + 1. Let u be t(-1). Let j = 44 - u. Suppose -14*f + j*f = -192. What are the prime factors of f?
2, 3
Suppose 6*s + 75 = 105. Suppose s*u + 0*u - 1375 = 5*l, 0 = -3*u - 2*l + 805. What are the prime factors of u?
271
Let s(f) = 7*f**2 - f - 50. Let c = 317 + -325. What are the prime factors of s(c)?
2, 7, 29
Suppose 0 = j - 2*u - 44981, 5*j - 5*u + 39929 = 264874. What are the prime factors of j?
3, 53, 283
Suppose 3*l + 7917 = 2*i, -8*l + 11918 = 3*i - 4*l. What are the prime factors of i?
2, 3, 661
Let j(l) be the first derivative of l**4/4 - 19*l**3/3 + 3*l**2/2 + 13*l + 46. Let c be -38*((-5)/(-2) + -3). What are the prime factors of j(c)?
2, 5, 7
What are the prime factors of 13/91*-7 - (-2097 - 0)?
2, 131
Let i(a) = -29*a - 10. Let p be i(2). Let f = p - -145. Suppose w = f - 2. List the prime factors of w.
3, 5
Suppose 4*n = -n - 25. Let t(d) = 2 + 16281*d + 5*d**2 - 16277*d + 3 + d**3 + 4*d**2. What are the prime factors of t(n)?
5, 17
Suppose 2*t - 2*b + b - 17 = 0, -2*b = 2*t - 14. Suppose d + 2*x = -4, 0*d - d = -2*x - 4. Suppose t*j - 10*j + 474 = d. List the prime factors of j.
3, 79
Let f(g) = 9*g**2 + 8*g - 6. Suppose d = v + 2, -d - 3*v = -6*d + 20. Let k be f(d). Suppose -2*j - h + 194 = 3*h, -5*j = 4*h - k. List the prime factors of j.
3, 11
Let m(c) = -6*c + 8. Suppose -3*t - 3*g = -0*t + 9, -2*g - 14 = 3*t. Let s be m(t). Let v = s + 22. What are the prime factors of v?
2, 3, 13
Let y be (732/16)/(3/8). Let t = 250 + -187. Suppose -y - t = -m. What are the prime factors of m?
5, 37
Suppose -38*y + 86*y - 408576 = 0. What are the prime factors of y?
2, 7, 19
Let c be (-8)/36 + (-8)/(-36). Let y(f) = 4*f + 1399. List the prime factors of y(c).
1399
Let a be 32/(-5) + 6/15. Let f(j) = -333 + 596 - 21*j - 293. What are the prime factors of f(a)?
2, 3
Let v be 81585/231 - 6/33. Let d = 378 - v. What are the prime factors of d?
5
Let k = -607 - -196. Let d = -291 - k. Let b = -65 + d. What are the prime factors of b?
5, 11
Let k(o) = o**3 + 26*o**2 + 68*o - 31. Let s be k(-23). List the prime factors of -1 + 5/10 + (-10652)/s.
11
Let s = 137 - 97. Let y be 2479/(-10) - 4/s. Let g = y - -390. List the prime factors of g.
2, 71
Let w(p) = p**3 - 9*p**2 + 6*p - 39. Let i be w(9). What are the prime factors of (-6273)/(-6)*20/i?
2, 17, 41
What are the prime factors of 21639 - 2 - -1*(3 + 7 + -3)?
2, 7, 773
Let i be (-20)/(-6) - 7/((-84)/(-4)). Suppose 22 = 4*g - 6*p + p, -3*p = g + i. What are the prime factors of (175/15)/(1/g)?
5, 7
Let o be -9*(-9)/27*1. Suppose o*g - 572 = 2551. What are the prime factors of g?
3, 347
Let p(h) = h**3 - 2*h. Let v be p(0). Suppose -7*i - 13*i + 15240 = v. List the prime factors of i.
2, 3, 127
Let t(u) = 51*u**2 - 8*u - 204. List the prime factors of t(-12).
2, 3, 67
Let k(v) = -71*v - 79. Let w be k(-40). Suppose 1744 = 5*r - w. List the prime factors of r.
17, 53
Suppose -129008 = -37*b - 7*b. List the prime factors of b.
2, 733
Let w be 206/(-3)*(-7 - 8 - -9). Let l = 987 - w. List the prime factors of l.
5, 23
Suppose -8*b + 25 - 1 = 0. Suppose 0 = -f - 2*k + 57, -250 = -b*f - f + 3*k. What are the prime factors of f?
61
Let a(v) = -2*v**3 - 7*v**2 - 53*v - 393. What are the prime factors of a(-11)?
5, 401
Let m be 3 + (17 - 7) + -7. Suppose -10*l + m*l = -652. What are the prime factors of l?
163
Suppose 4*h = -0*h + 2280. Let s be 1*(357/39 + (-46)/299). Suppose -4*a + s*a - h = 0. List the prime factors of a.
2, 3, 19
Let p(d) = -d + 15. Let a be p(8). Suppose 440 = a*o - 85. List the prime factors of o + 7 + -1 + -3.
2, 3, 13
Let x be 4 + 1 + 4 + -9 + -600. Let u = -196 - x. List the prime factors of u.
2, 101
Suppose -36*n - 41814 + 150064 = -24878. What are the prime factors of n?
2, 43
Let z(g) = 5*g + 60. Let j be z(-12). Suppose a + 936 = 3*x - 2*a, j = -x - 4*a + 332. List the prime factors of x.
2, 79
Let v(a) = 16*a**2 + 3*a - 9. Let t = -166 - -162. List the prime factors of v(t).
5, 47
Let v = -337 - -326. What are the prime factors of (-3 + 4)/(v/(-3674))?
2, 167
Let t = 6384 - -3308. List the prime factors of t.
2, 2423
Suppose 0 = 28*q - 17344 - 42184. Suppose 0 = 3*s - q + 560. List the prime factors of s.
2, 3, 29
Let d be 932/(-6)*(-9 + (13 - 1)). Let f = 2022 + d. List the prime factors of f.
2, 389
Let u(j) = -2034*j + 4933. List the prime factors of u(-18).
5, 7, 1187
Suppose 4*u + u = i + 7303, 3*i - 4371 = -3*u. Let c be (-6)/10 + u/100. Let y = c + -7. List the prime factors of y.
7
Let a be 267 - (-6)/(-3) - 27/(-9). Suppose -b = -a - 599. List the prime factors of b.
3, 17
Let v(w) = w**3 + 112*w**2 - 208*w - 658. List the prime factors of v(-112).
2, 3, 7, 11
Suppose -4*m = 15*q - 11*q + 548, -4*m = 5*q + 547. Let n = m + 520. What are the prime factors of n?
2, 191
Suppose -708 = -2*j + 2*g + 16978, 2*j = -2*g + 17666. What are the prime factors of j?
2, 3, 491
Let b(m) = m**3 - 36*m**2 + 50*m - 32. What are the prime factors of b(36)?
2, 13, 17
Let o(s) = 11971*s**2 + 22*s + 41. List the prime factors of o(-2).
47881
Suppose -6*d + 4625 = 5*z - d, 2*z = 2*d + 1846. Suppose -w - 217 = -3*u - 664, -2*w = 4*u - z. What are the prime factors of w?
2, 3, 19
What are the prime factors of 1562/3 - 15/15*(-2)/6?
521
Suppose 2*w - 174*f + 177*f - 104870 = 0, w - 52420 = f. What are the prime factors of w?
2, 11, 2383
Let r(t) = 250*t - 131. List the prime factors of r(18).
17, 257
Suppose 16 = 3*o + 1, -2*r + 27912 = -2*o. What are the prime factors of r?
23, 607
Suppose 3945 = -14*l + 19*l. Let b = l + -227. What are the prime factors of b?
2, 281
Let s(r) = -r - 12. Let x(y) = -y + 1. Let l(d) = -s(d) + 3*x(d). Let h be l(6). Suppose -2*j + 8 = 0, -h*j + 6*j + 126 = 3*n. What are the prime factors of n?
2, 23
Let k = 25 - -26. Let s be k/2*(-3)/(12/8). Let o =